and t.
9
Let b(y) = 19*y**2 - 129*y + 1152. Let c be b(9). Calculate the greatest common factor of 20 and c.
10
Let p = -213 - -322. Suppose 0 = 5*v - p + 39. Calculate the highest common divisor of 2 and v.
2
Suppose -171*k + 152*k = -399. Let i = -5 - 0. Let s be (-42)/12*(i + -1). What is the greatest common divisor of s and k?
21
Let l be 2 - (-3 - (-2 - 0 - -1)). Let i be 14/(l - 3) - 1. Let m be (-2)/13 + i/((-845)/(-8460)). What is the highest common divisor of m and 26?
26
Let x be (6 + 6)/((-1)/(-3)). Let i = -70 + x. Let n be 0/(-10) + (-2)/(4/i). What is the greatest common divisor of n and 187?
17
Let t = 3689 - 3661. Suppose -2*w + 3 = -5. Calculate the highest common divisor of t and w.
4
Suppose 36*p + 905 = 2849. Calculate the greatest common factor of p and 402.
6
Suppose -3*y = 1 - 25. Suppose 2*l = -3*o + 4*o + 561, o = 3*l - 841. Suppose -6*j = -y*j + l. Calculate the highest common divisor of j and 28.
28
Let t(f) = 8*f - 95 + 6*f - 6*f - 31*f. Let x be t(-10). What is the highest common factor of 15 and x?
15
Suppose -9*q + 103826 = 13*q + 42578. Calculate the highest common divisor of 96 and q.
96
Let k(l) = 2*l + 2*l - 3*l. Let c be k(6). Suppose -1039*o = -1119*o + 2400. Calculate the highest common factor of c and o.
6
Let h be (-2)/(-5)*(9 + 1). Let d(u) = -u**2 + 15*u + 70. Let l(f) = 20*f - 83. Let k be l(5). Let m be d(k). What is the highest common divisor of m and h?
4
Let m be 14/112*68*8. What is the greatest common factor of 2686 and m?
34
Let a be ((-338409)/38)/(9/2 + -6). Calculate the highest common factor of a and 3.
3
Suppose 20*r - 2*g - 580 = 18*r, 5*r = 4*g + 1450. Suppose -66 = -f + 50. Calculate the highest common factor of r and f.
58
Suppose -148 = 5*g + 4*w + 1197, -2*w = 5*g + 1345. Let f = g - -324. Calculate the greatest common factor of 35 and f.
5
Let v be 1 + (1 - 7) + 4 + (-3 - -55). Calculate the greatest common factor of 4131 and v.
51
Let w(s) = -12*s + 4*s + 0*s + 4*s + 95. Let u be w(14). Calculate the greatest common divisor of 26 and u.
13
Suppose 2*j - 4*w - 358 = -7*w, -4*j = 4*w - 720. Let a = 12134 - 12108. What is the greatest common factor of a and j?
26
Suppose 0 = -132*o + 494526 - 175878. What is the highest common divisor of o and 284?
142
Let r be (4 + -3)/(2/48). Let s be (36/r)/((-1)/(-106)). Suppose s = 6*w + 51. What is the highest common factor of w and 198?
18
Let s be ((-10)/20)/((-8)/48) + 1107. What is the highest common divisor of s and 300?
30
Suppose 3*p - 19 = 2*m, 6 = -4*p - 5*m - 7. Let a = 14 - 6. Let q be (-2 - 0)/(((-6)/a)/p). Calculate the highest common divisor of q and 8.
8
Suppose g - 27 = 32. Let q = -41 + g. Let s be 4/q - (-3)/54*482. Calculate the highest common factor of 18 and s.
9
Let w(y) = y**3 + 10*y**2 + 19*y - 8. Let s be w(-8). Let l = 47 + s. Calculate the greatest common factor of l and 315.
15
Let c = -704 + 1255. Let z(j) = -32*j - 1997. Let t be z(-63). What is the highest common factor of t and c?
19
Let v = 273 - 189. Let t(u) = u**2 + 2*u - 51. Let i be t(-9). Let c be ((-4)/i)/((3 + -2)/(-84)). Calculate the greatest common factor of v and c.
28
Let g = 54 - 50. Suppose w - 26 = -3*w + 2*r, -5*r = g*w - 19. Calculate the greatest common factor of w and 8.
2
Let x(g) = -24*g**2 - g - 19. Let z be x(-5). Let l = -273 - z. What is the greatest common divisor of 31 and l?
31
Suppose 0 = 2*q, -53 + 981 = 2*u - 5*q. Let s = 1990 + -1932. What is the highest common factor of u and s?
58
Let f(g) = -g**3 + g**2 + g - 9. Let b be f(0). Let w be (80/30 + -7)*3. Let a = b - w. What is the highest common divisor of 2 and a?
2
Let s be ((-6)/8)/((-279)/2232). Calculate the greatest common factor of s and 4.
2
Suppose x - 4*u = 33, -4*x = -3*u - 174 + 3. Suppose 4*r - 70 = 74. What is the highest common divisor of x and r?
9
Suppose 6*z + 8705 = 8891. Suppose -w = -0*w - 31. Calculate the greatest common factor of w and z.
31
Let n be (-2)/((-4)/6)*17. Let q = 38386 - 38352. Calculate the greatest common factor of n and q.
17
Suppose 4*g - 85 = -5*z, 0 = 10*z - 11*z + 5*g - 12. Let w = z + 35. What is the highest common factor of 12 and w?
12
Suppose 38*q = 46*q - 1440. Let u = 33 - 27. Calculate the greatest common factor of q and u.
6
Let x = -48 - -50. Suppose -5*d = -5*n + 25, 2*n + 4 - x = 5*d. Suppose -n*i - 53 + 350 = 0. Calculate the greatest common divisor of i and 11.
11
Suppose u - 73 = 3*l, u - 71 - 32 = -3*l. Calculate the greatest common factor of 1100 and u.
44
Let j(n) = -2 - n - 2*n - 2. Let f be j(-6). Let k = 30034 - 29922. Calculate the highest common divisor of k and f.
14
Let j = 134 - 71. Let k = j + -79. Let v be 11 - (k/(-4) - 6). Calculate the highest common factor of 104 and v.
13
Let m(s) = -1 + 2*s**3 + 0*s - s + 3*s**3 + s**2. Suppose 101*r = 144*r - 70*r + 27. Let h be m(r). Calculate the greatest common divisor of 10 and h.
2
Suppose -23 = -9*y - 95. Let c be 234/((y - 1)*2/(-12)). Let u = -23 + 35. What is the greatest common divisor of c and u?
12
Let s(a) = a**3 + 7*a**2 - 6*a + 16. Let r be s(-8). Let o be r/3 - (-11)/((-88)/(-24)). Calculate the highest common divisor of o and 18.
3
Suppose 3836 = 10*g - 3750 - 15354. What is the greatest common factor of g and 682?
62
Let r = -7 - -10. Let c be 2408/49 - (-1)/(-7). Let l = c - 25. Calculate the highest common divisor of l and r.
3
Let t be (9 + 1 + -2)*(-594)/(-4). Suppose 18*b - t = 7*b. What is the greatest common divisor of b and 6?
6
Let f be -6 + 7 + 2 + 1 - 6. Let a be (f/(-4))/((-24)/(-528)). Calculate the highest common divisor of a and 11.
11
Let t be 729/(-81) - (6902/(-2) + -1). What is the highest common factor of t and 1?
1
Let v be 2/(-3) - (-3800)/228 - 10. Calculate the highest common divisor of 928 and v.
2
Let z be ((-15)/(-30))/(1 + (-97)/98)*1. Calculate the highest common divisor of 833 and z.
49
Let p(w) be the third derivative of -11*w**4/12 - 11*w**3/6 - 31*w**2. Let q be p(-2). What is the highest common factor of 77 and q?
11
Suppose 31*x = 14284 + 1247. Let k = x - 133. What is the highest common divisor of k and 23?
23
Let v be 3/(9/1929) + (19 - 23). Calculate the greatest common divisor of v and 284.
71
Let k(t) be the first derivative of 3*t - t**2 + 25/3*t**3 + 10. Let b be k(-3). What is the greatest common factor of b and 26?
26
Suppose 0 = 4*g - 223 + 203, -2*g + 280 = m. What is the greatest common divisor of m and 1470?
30
Let v(x) = 15*x + 2024. Let y be v(-134). Let c be (4/5)/(4/190). Let p = c - 24. What is the highest common divisor of p and y?
14
Let q(i) = i**2 - 76. Let l be q(9). Calculate the greatest common divisor of 3455 and l.
5
Suppose 3*z + 319 = -398. Let j = z - -385. Calculate the highest common factor of j and 365.
73
Let s = 24 - 21. Let t = -91 + 105. Suppose -w = t - 23. What is the highest common factor of w and s?
3
Let f(p) = -p**2 + 17*p + 29. Let i be f(19). Let w be 9/(-6)*150/i. What is the greatest common factor of 35 and w?
5
Let d(v) = -3*v**3 - 24*v**2 + 31. Let t be d(-10). Let a = t - 616. Calculate the highest common factor of 9 and a.
3
Let v be (-3168)/192*40/(-6). What is the highest common divisor of v and 19745?
55
Let q = 132 + -128. Let x be q/(-10)*(6 + -1) + 4. Suppose -5*z + z + 24 = -x*g, -g = z - 3. What is the greatest common factor of 35 and z?
5
Suppose -3*m - b + 0 = -1, -23 = -4*m + 3*b. Suppose -2*u - 2*z - m*z = 80, 3*z = 3*u + 84. Let a = -22 - u. Calculate the greatest common factor of 50 and a.
10
Let u(r) = r**3 - 20*r**2 + 5*r + 14. Let o be u(20). Let v = o - 96. Suppose 6*w + 3432 = v*w. What is the highest common factor of w and 26?
26
Let p(a) = -194*a + 4143. Let y be p(18). Calculate the highest common factor of y and 12.
3
Let m = 21490 - 21478. Calculate the greatest common factor of 13164 and m.
12
Let n = 371 + -101. Let m = 415 + -325. Let b = 117 - m. Calculate the highest common factor of n and b.
27
Let d be 1 - (-268)/34 - (-46)/391. Suppose -d*s + 516 = -1752. What is the greatest common divisor of 168 and s?
84
Let j = -651 + 658. Suppose 18*x + j*x = 725. Calculate the highest common factor of x and 1.
1
Let n(z) = -z**3 - 9*z**2 - 6*z - 124. Let a be n(-12). Calculate the greatest common divisor of 120 and a.
20
Let j(o) = o**3 + o**2